t is the greatest common factor of 42 and m?
14
Let a be 4/(-20) - (-483)/15. Suppose -7*x - x = -128. Calculate the greatest common divisor of a and x.
16
Suppose 0 = 4*y - 5*q - 1255, 5*q = -3*y + 10*q + 940. What is the greatest common divisor of 63 and y?
63
Suppose -65 = 4*w - 9*w. Let q = -156 - -247. Calculate the greatest common divisor of q and w.
13
Let h = -10 - -16. Suppose l = -2*i - 42, 0 = 3*i + 6*l - l + 49. Let s = -14 - i. Calculate the highest common factor of s and h.
3
Suppose 2*i + 680 = 2*a, -7*a + 3*i - 1716 = -12*a. What is the greatest common divisor of a and 36?
18
Let d(f) = f**3 - 5*f**2 + 4*f + 10. Let t be d(5). What is the greatest common factor of 270 and t?
30
Let t = 330 - 292. Calculate the greatest common factor of 16 and t.
2
Let j = -471 + 491. Calculate the highest common factor of 75 and j.
5
Let n(m) = 443*m + 25. Let y be n(1). Calculate the highest common factor of y and 12.
12
Suppose -w - 11 = 3*l + 28, 2*l = 2*w + 94. Let u = 9 + w. Let q be 7 + -10 - (u + 1). Calculate the greatest common divisor of 80 and q.
16
Let k = -7 - -10. Suppose k*m + m = 72. Suppose 0 = u + 2*u + 3*z - 144, -9 = -3*z. Calculate the greatest common divisor of m and u.
9
Suppose 3*t = -5*d + 49, 3*t + 4*d + 62 = 5*t. Let f be 1*4*4739/28. Let o = f - 424. What is the highest common factor of o and t?
23
Suppose -b + 7 = -0*b + 5*u, -b + u = -13. Suppose 59 - 107 = -31*m + 200. What is the highest common divisor of m and b?
4
Let j = -113 - -40. Let v = -54 - j. What is the greatest common factor of v and 171?
19
Let y(w) = 5*w - 7. Let g be y(11). Suppose 5*h - h - g = 0. Suppose 0 = -4*f + v + 531, 7*v = -f + 3*v + 120. What is the greatest common divisor of f and h?
12
Suppose -2*n = 2*p - 4 - 16, -p = -2*n + 26. What is the highest common factor of 66 and n?
6
Suppose -h + 223 = -2*m, 130 = -m - 2*h + 16. Let z = m + 122. Calculate the greatest common divisor of 160 and z.
10
Let c(o) = 2*o**2 - 5*o - 6. Let u be c(-3). Calculate the highest common factor of 18 and u.
9
Let y(v) = 69*v**2 + 4*v + 3. Let p be y(2). What is the greatest common factor of p and 41?
41
Suppose -6*l = 6 + 6. Let v be (1/l - (-54)/24)*8. What is the highest common divisor of 2 and v?
2
Suppose 5 = 2*j - 1, 0 = 4*w + j - 39. Suppose a = -1, 5*s + 34 = -3*a + 6. Let o be 132/15 - 1/s. Calculate the highest common factor of o and w.
9
Suppose 4*h - g - 156 = 0, 4*h + h - 2*g - 198 = 0. Let v = -149 - -236. Let f = -30 + v. What is the greatest common factor of f and h?
19
Let s(i) = 3*i**2 + i - 3. Let c be s(4). What is the highest common divisor of 392 and c?
49
Let x be -16*(34/(-12) + 3)*-12. Suppose -28*y + x*y = 448. Calculate the highest common factor of y and 14.
14
Let k be (-3 - -3) + (-2 - -6). Let y = -121 - -246. Suppose -y = -k*g + 155. Calculate the greatest common factor of 28 and g.
14
Let v(w) = -w - 1. Let x be v(10). Let q = x + 16. Suppose 5*a + 3*g - 9 = 9, a = q*g - 2. What is the greatest common factor of 27 and a?
3
Suppose 0 = 3*v - 1800 - 2088. What is the highest common factor of 81 and v?
81
Let w be 6/3 + 8 + 0. Let d(i) = -i - 3. Suppose 4 = -y - 1. Let l be d(y). What is the greatest common divisor of w and l?
2
Let b be 3 - 126/10*(-3 - -8). Let k be (((-45)/(-6))/5)/((-5)/b). Calculate the greatest common factor of 9 and k.
9
Let k be (-12)/8 - 15/(-12)*6. Calculate the greatest common factor of k and 3.
3
Let y(t) = -41*t - 12. Let h be y(-2). Suppose 3*n = -n - 5*s - 313, -73 = n + 3*s. Let p = -54 - n. Calculate the highest common divisor of h and p.
14
Let y(x) = 5*x + 24. Let i be y(13). Let o = 92 - i. What is the greatest common factor of 15 and o?
3
Suppose -22*w + 3533 = -2979. Calculate the greatest common divisor of 8 and w.
8
Suppose 4*d - 4 = -4*r, 3*d = 3*r - 3 - 12. Suppose 2*a - 65 = -r*a. Suppose 4*h = h + 39. Calculate the greatest common divisor of a and h.
13
Let x(g) = 4*g - 32. Let s be x(17). Calculate the highest common factor of 78 and s.
6
Let n = -216 + 270. What is the highest common factor of n and 90?
18
Suppose 0 = 6*c - 8*c + 4. Suppose 5*z - 2*d = -c + 42, -2*d = 0. What is the greatest common factor of z and 72?
8
Let y = -14 + 17. Suppose 759 = 4*i - y*x, 4*x - 910 = -5*i - 0*x. Let b = i + -33. Calculate the highest common divisor of b and 17.
17
Suppose 0 = -0*d - 3*d + 24. Suppose 3*b - 10 - d = 0. Calculate the greatest common factor of b and 48.
6
Let r(z) = -2*z + 21. Let a be r(9). Suppose 5*u + 5*k = 145, -63 = -6*u + 3*u + a*k. Calculate the greatest common divisor of 125 and u.
25
Let c(w) = 2*w**2 + 5*w - 3. Let b = 5 + -10. Let g be c(b). Calculate the highest common divisor of 242 and g.
22
Suppose 2*r + 17 = 3*r. Suppose 5*u - 4*l = -11, 5*u - 19*l = -20*l + 9. What is the greatest common factor of u and r?
1
Let v(b) = 3*b**2 + 31*b + 198. Let d be v(-16). Calculate the highest common factor of 10 and d.
10
Suppose 147 = 8*t + 75. Let n be (-1 - -3)/2*2. Let w be (8 - -1) + 0/n. Calculate the highest common divisor of w and t.
9
Let o(c) = 2*c - 1. Let h be o(3). Suppose 235 = h*y - 65. Let a = -315 + 335. What is the highest common factor of a and y?
20
Let q(h) = 50*h**2 - 2*h. Suppose -19 = -5*n - 14. Let l be q(n). Suppose 0 = 3*m - 8*m + 360. Calculate the greatest common factor of l and m.
24
Let y = 10 + -14. Let n be 202/8 + 1/y. Calculate the highest common divisor of 125 and n.
25
Let c be ((2 - 3) + -3)*-5. Suppose 4*g - 532 = q - 4*q, g = 5*q - 902. Calculate the highest common factor of q and c.
20
Let y(t) = -28*t**3 - 4*t + 8*t**3 + 6*t**3 + 15*t**3 + 13 + 9*t**2. Let j be y(-9). Calculate the greatest common factor of 49 and j.
49
Suppose 11*v - 2673 = 2*v. Let p = -55 + v. What is the greatest common factor of 22 and p?
22
Suppose -2*x + 24 = -o, 0*o - 5*o = 3*x - 36. What is the greatest common factor of 6 and x?
6
Let f(d) = d**3 + 2*d**2 + d + 3. Let c be f(-2). Suppose -7*i + 9 = -4*i. What is the highest common factor of i and c?
1
Let v = 806 + -358. Calculate the greatest common factor of v and 28.
28
Let r(m) = -m**2 + 9*m - 9. Let c be r(4). Let s be 8/44 + 20/c. Calculate the highest common divisor of 2 and s.
2
Let w = -108 - -218. Suppose 4*z - 279 = -5*g + 3*z, -2*z = 2*g - w. Calculate the highest common factor of g and 140.
28
Let f(y) = -y**2 - 21*y - 52. Let r be f(-5). What is the greatest common divisor of 52 and r?
4
Suppose 0 = 73*h - 80*h + 1050. What is the greatest common factor of 350 and h?
50
Let c = 65 - 27. Let l = c - 32. What is the greatest common divisor of l and 2?
2
Suppose -7*m + 3*h + 373 = 0, 2*h = 2*m - 0*h - 102. Calculate the greatest common divisor of 1595 and m.
55
Suppose -2*u - 3*u - 3*w + 19 = 0, -5*u = 4*w - 22. Let j be u/5 + (-99)/(-15). Let z be -2 + 0 + j - 0. What is the highest common factor of 40 and z?
5
Suppose 2*i + 16 = 4*p, 11 = -3*i + p + 2. Let n = 4 + i. Suppose 0 = -n*k + 4*k - 108. Calculate the highest common factor of k and 18.
18
Suppose 3*j - j = 440. Let l = -16754 + 16764. What is the highest common factor of l and j?
10
Suppose -199 = i - 660. Suppose 3*u + 25 = 4*l, -5*u = l - u + 8. Suppose 0 = -l*c + i - 13. Calculate the highest common factor of 16 and c.
16
Let j(p) = 14*p - 463. Let n be j(37). Let b(z) = z**2 - 3*z + 1. Let a be b(4). Calculate the greatest common divisor of a and n.
5
Let z(b) = -b**3 + 6*b**2 + 15*b + 12. Let m be z(6). Suppose -m*n - 600 = -107*n. Calculate the greatest common factor of n and 15.
15
Let t = -237 - -446. Calculate the greatest common divisor of t and 95.
19
Suppose 5*p - 700 = -140. Calculate the greatest common divisor of p and 35.
7
Let j be (-12)/(-3)*(-182)/(-104). Calculate the greatest common divisor of 1323 and j.
7
Suppose -3*n - 3 + 228 = 0. Let x = n - 25. Let z be 1/5 - 198/(-10). Calculate the greatest common divisor of z and x.
10
Let n(y) = 44*y - 145. Let r be n(5). Calculate the greatest common factor of r and 60.
15
Let j be 3*(-2)/(-12)*-4. Let y be -3 - (42/j + -4). What is the greatest common divisor of y and 22?
22
Let a(o) = -2*o - 9. Let v be a(-8). Suppose -4*s + 4*k - 296 = 0, -2*s + 4*k = 140 + 6. Let x = 110 + s. What is the highest common factor of x and v?
7
Let b(r) = 2*r**2 + 17*r + 33. Let a be b(-